 w(o)?
1
Suppose -3*v + 1195 = 4*f, 2*v + 129 - 923 = -4*f. What is the hundreds digit of v?
4
What is the hundreds digit of (-4 - -6)*-6*(-596)/8?
8
Let g = 96 - 33. Suppose 2*r + y - 129 = 0, 0*r - r - 2*y + g = 0. Suppose 9*p = 4*p + r. What is the units digit of p?
3
Suppose 9*o = 11*o - 1284. What is the units digit of o?
2
Let l(f) = -f**3 - 16*f**2 + 15*f - 2. Let j be l(-17). Suppose -g + j = g. What is the tens digit of g?
1
Let i = 160 - 114. Suppose -2*y - r + 343 = 0, -r - i = -3*y + 481. What is the tens digit of y?
7
Let x(h) = h + 11. Let s be x(-2). Suppose -361 - 116 = -s*v. What is the tens digit of v?
5
What is the units digit of (6/9)/((-38)/(-41211))?
3
Let c = 169 - 259. Let t = -252 + 247. What is the units digit of (-36)/c + (-98)/t?
0
Let z = 190 + 272. What is the hundreds digit of z?
4
Let u(t) = -t**2 - 3*t - t + 0*t + 12 - 8*t. Let o be 69/(-6) + (-3)/(-12)*2. What is the units digit of u(o)?
3
Let r be (-3 - -4)/((-1)/(-102)). What is the tens digit of r/9 + (-8)/24?
1
Suppose -3*m + 30 = -3*f + 9, 5*m - 29 = 2*f. Suppose m*n - 171 = 2*n. What is the tens digit of n?
5
Let w(y) = 139*y. Let c be w(1). Let k = c - 28. What is the units digit of k?
1
What is the units digit of ((-2)/14)/(47/(-249053))?
7
Suppose 0 = -2*g + 4*g - 2. Let j be g/1 + (-1)/(-1). Suppose 0 = -3*r + 3, -22 = j*u - 4*u - 4*r. What is the units digit of u?
9
Suppose -7*d = -2*d + j - 80, 2*j + 65 = 5*d. Suppose -d*p + 19*p - 348 = 0. What is the units digit of p?
7
Suppose -26*i + 5364 + 23860 = 0. What is the units digit of i?
4
Let j = 91 - 35. Suppose -5*t + a = 11, 3*a - 4 = 3*t + 5. Let o = t + j. What is the units digit of o?
4
Let s be 3 + ((-18)/(-22) - (-8)/44). What is the units digit of (s/(-6))/((-20)/2730)?
1
Let k(s) = 14*s**2 - 5*s + 7. What is the tens digit of k(-6)?
4
Suppose 0 = -2*s + 4*s - 10. Suppose 3*a - 6*a - 23 = -2*h, -35 = -5*h + 3*a. Suppose s*d = h*d + 31. What is the units digit of d?
1
Suppose 0 = -2*i - r + 1751, i - 2*r - 563 = 315. What is the units digit of i?
6
Let a(b) = -b**3 + b**2 - b + 4. Let w(h) = -2*h**3 - 2*h + 4. Let r(m) = -3*a(m) + 2*w(m). Let q be r(-3). What is the tens digit of (-2)/(4/110)*q?
5
Let x = -10 - -12. Suppose -3*d + 10 = x*d. What is the units digit of 37/((d - -3) + -4)?
7
Suppose 4 = -2*v - 26. Let t = 17 + v. Suppose 2*x - k - 61 = 0, t*x + 4*k - 5 = 51. What is the units digit of x?
0
Let t = -8 + 6. Let l be (21/14)/(t/(-4)). Suppose -49 = -3*x + 5*f - 3*f, 0 = 3*x - l*f - 45. What is the units digit of x?
9
Let l(t) = t**2 - 22*t - 48. Let m be l(24). Suppose m = -5*h + 1268 - 238. What is the hundreds digit of h?
2
What is the units digit of ((-9)/2)/((-21)/1512)?
4
Suppose 2*n - 6 = -3*h + h, -5*n = -3*h + 9. Let b be (3 + 85/(-15))*-15. Suppose 0 = d - 3*q - 46, b = h*d + 2*q - 54. What is the tens digit of d?
3
Suppose -5*j + 2180 = -2*j - 5*a, -5*a = 20. What is the tens digit of j?
2
Let r(b) be the third derivative of b**4/24 - 5*b**3/6 + b**2. Let n be r(6). Suppose 0 = -3*z + 3*v + 21, -2*z - n = 5*v - 10*v. What is the units digit of z?
2
Let h be 1 - ((-1)/1 + -80). Suppose 5*i - 387 = -h. Suppose 32 = 4*r - 4*y, 0*r + 2*y = -5*r + i. What is the units digit of r?
1
Let k(b) = -b**3 + 53*b**2 + 45*b + 407. What is the thousands digit of k(53)?
2
What is the hundreds digit of (-50)/(-18) + -3 + (-1280)/(-9)?
1
Let b = 12 + -15. Let n be (-5)/(-15) - (-1051)/b. What is the tens digit of 3/(-2)*n/15?
3
What is the tens digit of ((-94)/4)/((-37)/1998)?
6
Let p = -42 + 40. Let f be -2 - (-11)/2*22. What is the tens digit of p/(-14) + 1292/f?
1
Let u(s) = s**3 + 9*s**2 + 12*s - 11. Let f be u(-7). Suppose -2*r + 3*r + f*q - 194 = 0, -3*q = -2*r + 379. What is the units digit of r?
1
Let k = 328 - 25. What is the hundreds digit of k?
3
Let j(d) = d**3 + 3*d**2 + 9*d + 6. Let a be j(-7). Let t = 367 + a. What is the units digit of t?
4
What is the tens digit of 1/(-10)*-5 - (-955)/2?
7
Suppose 4*d = -5*y + 18, 4*d - 2*y - y = 2. Suppose 0 = -d*a - a. What is the units digit of 10*(4/2 + a)?
0
Let t = 0 + 4. Let i = t + -4. What is the tens digit of (26 - i) + 6/(-3)?
2
Let t = 33 - 53. Let v(z) = z**3 + 21*z**2 + 16*z + 17. What is the tens digit of v(t)?
9
Suppose 19*q = 15*q - 4. Let z be (-1)/(q + 50/49). Let f = 20 - z. What is the tens digit of f?
6
Let n(z) = -z**3 + 7*z**2 + 8*z. Let c be n(7). Suppose -3*u + 64 = -c. Suppose -200 + u = -5*g. What is the units digit of g?
2
Let g = -160 + 208. What is the units digit of g?
8
Let b(s) = 16*s**2 + 2*s - 3. Let y be b(1). What is the units digit of (0 + (-5)/y)*-3?
1
Suppose 36*f = 2*a + 40*f - 42, 30 = a + 5*f. What is the tens digit of a?
1
Let a(c) = c**2 + 3*c + 1. Let j be a(-4). Suppose 5*x - 32 = x - j*n, 3*x = -2*n + 17. Suppose -x*i + 6 = -0*i. What is the units digit of i?
2
Let u(o) = 6*o + 20. Let c be u(-6). Let i(v) = -v**3 - 17*v**2 - 15*v + 19. Let f be i(c). Suppose f*w = -w + 12. What is the units digit of w?
3
Let z be (-5)/(-2)*(-198)/(-15). Suppose -x + 3*c + 17 = 2, 3*x - 5*c - z = 0. Let s = x - -8. What is the units digit of s?
4
Let k be (-33)/(-77) - (-88)/7. Let f(g) = g**3 - 12*g**2 - 2*g + 2. What is the tens digit of f(k)?
4
Suppose 3 + 11 = 7*v. Suppose v*p - 8*p = -630. What is the units digit of p?
5
Let v = -12 - -14. Suppose 0 = 5*r - 5*z - 15, 4*r + v*z = 5*r - 4. What is the units digit of -2 + 28 - r/(-2)?
7
Let q(n) = 7*n - 5. Let a(i) = 4*i - 3. Let h(y) = -10*a(y) + 6*q(y). What is the tens digit of h(14)?
2
Let u(k) = 751*k - 218. What is the thousands digit of u(2)?
1
Let m(i) = 45*i**2 - 41*i - 79. What is the tens digit of m(-2)?
8
Let o = 36 - 26. Suppose 50 = o*x - 5*x. Suppose 0 = 4*k - 114 + x. What is the tens digit of k?
2
Suppose 0 = 2*c + 2*c - 96. Suppose -11*u = -10*u - c. What is the units digit of u?
4
Let w = 231 - -6. What is the units digit of w?
7
Let w = 70 + 209. What is the units digit of w?
9
Let a = 948 + 1760. What is the units digit of a?
8
Let q = 924 - 588. What is the tens digit of q?
3
Suppose -903 - 793 = -4*x. What is the units digit of x?
4
Let l = 72 - -110. Suppose 341 = -3*h - 14*s + 10*s, 5*s = -5*h - 560. Let z = l + h. What is the tens digit of z?
7
Suppose -3 - 6 = 3*c, -n + 15 = -2*c. What is the tens digit of (-4)/(-6) - -1*174/n?
2
Let a(o) = o**3 + 8*o**2 - 9*o - 2. Let g be a(-9). Let n be (g/3)/((-4)/438). Suppose n = 2*d - u, -164 = -4*d - 6*u + 2*u. What is the tens digit of d?
3
Let i be 801/(-3)*(-2)/3. Suppose 4*m - i = 10. What is the units digit of m?
7
Suppose -2*w - 3*y = -3845, 2*w - 604 - 3221 = y. What is the hundreds digit of w?
9
Let x be (-126 + -1)*(2 + -3). Let b = 205 - x. What is the units digit of b?
8
Suppose 57 = -p - 0*p. Let r = 122 + p. What is the tens digit of r?
6
What is the units digit of -5*(-10)/((-50)/(-955))?
5
Suppose -13*f + 12323 = -287. What is the units digit of f?
0
What is the tens digit of (-216)/14*(-10829)/34?
1
Let b(o) = -o**3 - 9*o**2 + o + 13. Let c be b(-9). Suppose 0*i = c*u - i - 390, 5*u - 494 = -2*i. What is the tens digit of u?
9
Let p = 5 - 2. Suppose 0*x + 17 = -3*x + 5*t, -3*t = 3*x + 9. Let u = p - x. What is the units digit of u?
7
Suppose -28*u + 13950 + 78114 = 0. What is the hundreds digit of u?
2
Let x(b) = b + 2. Let p be x(3). Suppose p*s - h = 87, -s - h = 3*h - 9. Let d = 7 + s. What is the tens digit of d?
2
What is the units digit of 675 + (1/(-5))/((-8)/(-40))?
4
Let r(y) = 14*y + 8*y + 6*y + 11 - 6*y. What is the units digit of r(2)?
5
Let u = -43 + 38. What is the units digit of 118/((10/u)/(4*-1))?
6
Let w = -1086 + 1957. What is the tens digit of w?
7
Suppose -p + 5*t = 0, 3 = 3*t - 0. Suppose 395 = p*c - 5*d, -4*c = 4*d - 166 - 134. Let j = -53 + c. What is the units digit of j?
4
Let p(h) = -3 - 2 + h**3 + 11 - 5*h**2 + 3*h + 0. Let u be p(4). What is the tens digit of (21 - u) + 3 + 3?
2
Let o(r) = 2*r + 3. Let z be o(7). Suppose s = 19 - z. Suppose -c + s = -27. What is the units digit of c?
9
Let y(q) = q**3 - 12*q**2 + 14*q - 26. Let t(f) = 2*f**3 - 13*f**2 + 15*f - 26. Let x(v) = 2*t(v) - 3*y(v). What is the units digit of x(-11)?
7
Suppose -41700 = -458*c + 448*c. What is the thousands digit of c?
4
Let k(h) be the second derivative of -h**5/2